v. What is the tens digit of j?
2
Let y(r) = 8*r**2 + 13*r - 21. What is the tens digit of y(6)?
4
Let w be (2/4)/((-12)/(-1584)). Suppose -45 = -a + 4*u + w, -2*a + 4*u + 218 = 0. What is the units digit of a?
7
Let b(r) = r**2 + 6*r - 1. Let a be b(-6). What is the units digit of a*(-147 - (-4 + 2))?
5
Let m(h) = 6*h**2 - 12*h - 23. What is the tens digit of m(16)?
2
Let s(f) = -f + 3. Suppose 0 = 2*d + 4*v + 32, -2*d + 5*v - 4*v = 7. Let a be s(d). Suppose c = z + 7 + a, -z = 3*c - 40. What is the units digit of c?
4
Let y(h) = 7*h**2 - 22*h + 13. Let m(q) = 11*q**2 - 33*q + 20. Let b(v) = -5*m(v) + 8*y(v). Let a be b(5). What is the tens digit of a*2*(-1)/2?
2
Let x be 1/2*530/5. Let y = x - 97. What is the tens digit of (-8)/y - (-832)/22?
3
Let w be (9/(-12))/(2/(-168)). Suppose 2*d = -w + 165. What is the units digit of d?
1
Let w = -969 - -1580. What is the hundreds digit of w?
6
What is the thousands digit of 25/(-10)*(-7388)/10?
1
Suppose 3*y - 4*n - 3233 = 0, 0*y - 5*y = -2*n - 5379. What is the units digit of y?
5
Let z(h) = -149*h**3 - h - 1. Suppose 3*v - 10 - 2 = 0, -1 = 5*k + v. What is the units digit of z(k)?
9
What is the hundreds digit of 750 - ((-15)/(-6) - 21/6)?
7
Let l(y) = -y + 3. Let c be 1*9 - (0 + 3). Let m be l(c). Let s(f) = f**2 - 6*f - 5. What is the tens digit of s(m)?
2
Let g(a) = 5*a**3 - 2*a**2 - 6*a. Let z be g(-3). Let n = z - -197. What is the units digit of n?
2
Let h be 36/16*(-3 - 14/(-2)). Let m(j) = -j**2 + 11*j + 1. What is the tens digit of m(h)?
1
Let u = -1828 - -4789. What is the hundreds digit of u?
9
Suppose -1057 = -10*l + 1993. What is the hundreds digit of l?
3
Let p = -566 - -1391. What is the tens digit of p?
2
Suppose 5*z + 399 = 5*s - 51, 0 = 3*z + s + 282. Let d = 18 - z. What is the hundreds digit of d?
1
Suppose -8*j = -3*j + 10, 5*j = m - 526. What is the units digit of m?
6
Let j = 576 - -2799. What is the thousands digit of j?
3
What is the units digit of (-114)/(-4)*((-959)/(-21) + 5)?
4
Let i = -18 + 67. Suppose 4*z - 22 = 5*u - 0, 2*z + 5*u = -4. Suppose z*k - 41 - i = -4*a, 3*k + a = 81. What is the tens digit of k?
2
Suppose -3*f + n + n + 3523 = 0, -3*f - 4*n + 3493 = 0. What is the tens digit of f?
7
Suppose 3*j - 840 = -0*j. Suppose 0*c + j = 4*c. What is the units digit of c?
0
Let h = -2449 + 3445. What is the tens digit of h?
9
Suppose 0 = 178*j - 181*j + 1389. What is the tens digit of j?
6
Let j be (-1)/(-4)*(1 + 2 + 1). What is the tens digit of 0/(-4) + 82 - 0/j?
8
Let s(w) = w**2 - 15*w + 47. Let f be s(11). Suppose -3*b = -5*u + 1198, 0 = -5*u - f*b + 192 + 1030. What is the hundreds digit of u?
2
Let a be (-2)/4 - (-42)/4. Let i = 18 - a. What is the units digit of 2/4 - (-68)/i?
9
Let q = -103 + 113. What is the units digit of (-17)/(-5) - -4 - (-6)/q?
8
Let f be (2/(-3))/(4/(-12)). Suppose l - 32 = f*g, 5*g + 46 = 2*l - 16. What is the tens digit of l?
3
Suppose -5*r - 56 = a, 2*a - 5*a = 2*r + 25. Let t be (2 - r)*1 - -2. Suppose -18*q + 156 = -t*q. What is the tens digit of q?
5
Suppose -5*m + 4*m + 2*v + 592 = 0, m - v = 595. What is the tens digit of m?
9
Let p(g) = -g + 4. Let q be p(2). Suppose 5 - q = o. Let h(t) = 4*t**2 - t + 3. What is the tens digit of h(o)?
3
Suppose 2 = 2*t - 0. What is the tens digit of (52 + -254)/(0 + t + -3)?
0
Let o be (3/1 - 10)*-1. Let g = 8 - o. Suppose -g = -6*x + 329. What is the tens digit of x?
5
Suppose 3*m = 3*d - 105, 2*m = 3*m + 1. Let j = 26 - d. What is the tens digit of 6/(-8) - 582/j?
7
Let f = 25 - 13. Let r = f - 10. What is the units digit of 9 - 7 - (-22)/r?
3
Suppose -4*f = -7*f + 1287. What is the hundreds digit of f?
4
Let q(v) = -v**3 + 4*v**2 + 5*v - 3. Let s(w) = 5*w - 4. Let n be s(2). Let t be q(n). Let o = t + 88. What is the units digit of o?
3
What is the hundreds digit of (218 - 3*(-3)/(-9))*2?
4
Suppose 5*f - 4*u = 1530, -321 + 1 = -f - 2*u. What is the units digit of f?
0
Let j = 24 + -30. Let b = 15 + j. What is the units digit of (2/(-4))/(b/(-864))?
8
Suppose 3*s - 3*o = -o + 15, -s - o = -10. What is the units digit of s?
7
Let r(p) be the second derivative of -p**5/20 + 11*p**4/12 - 4*p**2 + 3*p. What is the tens digit of r(10)?
9
Let c(z) = 3*z**2 + 3*z + 1. Let y be c(-2). Suppose 6*q - 487 = -4*o + y*q, 0 = 3*o - 3*q - 372. What is the units digit of o?
1
Suppose 6*h - 28 = -h. Suppose m = 5 - h. What is the units digit of m?
1
Let s = 519 - 57. What is the tens digit of s?
6
Let t be (-20)/(-2)*4/(-10). Let p = t - -2. What is the units digit of (-12)/(-2 + (p - -3))?
2
Let a(p) = 4*p + 6. Let n = 37 - 1. Let h = -26 + n. What is the tens digit of a(h)?
4
Let l(j) = 33*j**2 - 4*j - 3. What is the units digit of l(-4)?
1
Suppose -5488 = -3*n - 11*n. Suppose 0 = -50*y + 57*y - n. What is the tens digit of y?
5
Let b(l) = -9*l + 478. What is the tens digit of b(0)?
7
Suppose 0 = -4*w - 4 - 0. Let z be 1 + 1*16/w. What is the tens digit of (-2)/10 - 288/z?
1
What is the hundreds digit of (8 - 0)*(-495)/(-10)?
3
Let j(i) = -3*i**2 + 15 - 6 + 2*i**2. Let f be j(0). Suppose -f*l + 7*l = -44. What is the units digit of l?
2
Let c(q) = -q**2 - 6*q. Let n be c(-5). Suppose -36 = -r - n*i, 2*r + i = 4*i + 20. What is the units digit of r?
6
Let d = -68 - -207. Let s = d + -86. What is the tens digit of s?
5
Let d be 12/(-24) + (-7)/(-2). Suppose 4 = d*v - 5. Suppose v*y = 3*l + 153, 48 = 2*y - l - 57. What is the tens digit of y?
5
Let v(n) = -21*n**3 + 2*n**2 + 3*n + 2. Let s(q) = q**3 - 2*q**2 - 1. Let t be s(2). What is the units digit of v(t)?
2
Suppose 5*p + 735 = 4*g, 3*g - 543 = -4*p + 5*p. Let i = g + -100. What is the units digit of i?
0
Let g(v) = -v - 4*v + 1 + 1 + 7*v. Let c be g(-4). What is the tens digit of c/9*45/(-2)?
1
Suppose 415*l - 418*l = -9438. What is the units digit of l?
6
Suppose -5*v - g + 41 = 0, -2 = -3*v - 3*g + 13. Suppose -v*x + 605 = -331. What is the tens digit of x?
0
Suppose 20*u - 6*u = 19992. What is the tens digit of u?
2
Let m(b) = 87*b**2 - 4*b - 6. What is the tens digit of m(-4)?
0
Suppose 4 = 4*x, 6448 = 5*w - 5*x - 2792. What is the thousands digit of w?
1
Let v(u) = -95*u - 755. What is the units digit of v(-26)?
5
Let t(b) = b**3 - 9*b**2 + 9*b - 4. Let k be t(8). Let l be (-2)/(-3 - -1)*k. Suppose l*d - 10 - 11 = -3*s, -3*s - 3*d = -21. What is the units digit of s?
7
Let x be (-230)/(-50) - (-2)/5. Suppose 5*t - 4*t = x. Suppose d + 79 = 4*q - 52, 137 = 4*q + t*d. What is the units digit of q?
3
Let t = 57 + -57. Suppose t*b - 9 = -3*b, -2*i = 4*b - 202. What is the units digit of i?
5
Suppose -q - 201 = 4*j, 6*q = q - 5. Let b = 83 + j. What is the tens digit of b?
3
Let m(o) = -o - 2. Let d be m(-4). Let z(a) = -6*a + 0*a**3 + a**3 - d*a - 10 - 9*a**2. What is the units digit of z(10)?
0
What is the hundreds digit of (4 - 4) + -9 + 4800?
7
Let s(g) = 2*g**2 + 12*g + 54. What is the tens digit of s(-16)?
7
Let r = -14 - -17. Let u(c) = 8*c**2 - 1. What is the tens digit of u(r)?
7
Suppose 4*s = -0*s + 12. Suppose -2*l = s*n - 238, 6*n - n = -5*l + 390. What is the tens digit of n?
8
Let u(z) = -144*z + 437. What is the tens digit of u(-18)?
2
Let t = -50 + 53. Suppose -4*b + t*l = -111, 1 = -b - 0*b - 5*l. What is the units digit of b?
4
Let q(h) = -h**3 - 10*h**2 - h - 1. Suppose -5*a + 0*y - y = 45, 2*a + 5 = -3*y. What is the units digit of q(a)?
9
Suppose 115 = -3*m - 17. Let p = 210 - m. What is the tens digit of p?
5
Suppose -4*u + 4*k = 124, 0 = -2*u + 5*k - k - 70. What is the units digit of (-2)/6 - 3384/u?
5
Let h = 141 - 93. Let a = 163 - h. What is the hundreds digit of a?
1
Let s(d) = d**3 - 6*d**2 - d + 9. Let b be s(6). What is the units digit of (-100)/(-12) + b/(-9) + 0?
8
Let v(h) = -h**3 + 4*h**2 - 2*h. Let s be v(4). Let u(x) = x**3 + 9*x**2 - x - 9. What is the units digit of u(s)?
3
Let k(q) = -4*q + 7. Let m be k(17). Let l = m + 70. What is the units digit of l?
9
Let k(g) = -15*g - 9*g + 7*g. Let l(o) = -o**2 - o + 4. Let a be l(2). What is the tens digit of k(a)?
3
Suppose -2*f = -12 - 14. What is the tens digit of 2/f + (-1 - 4475/(-65))?
6
Suppose 2*p = r - 0*r - 3052, 2*p = 4*r - 12190. What is the units digit of r?
6
Let m(y) = 2*y - 3*y + 31 + y**2 + 4*y**3 - 3*y**3. Let f be m(0). Suppose 5*s - f = -5*p + 79, 